, what is 13 + -814?
-801
In base 5, what is -13 + 140?
122
In base 13, what is 14 + -77?
-63
In base 7, what is -23021 + -1?
-23022
In base 16, what is 2 - -141?
143
In base 14, what is -2b - -29?
-2
In base 12, what is -26 - -5?
-21
In base 8, what is -10552 + 3?
-10547
In base 7, what is 232 + -20?
212
In base 12, what is 13 + 38?
4b
In base 11, what is -114a1 - 1?
-114a2
In base 2, what is -100010100101110 + -100?
-100010100110010
In base 15, what is -4 - 1b29?
-1b2d
In base 16, what is -3 - 64?
-67
In base 9, what is 1 + 215?
216
In base 11, what is 3801 - -3?
3804
In base 5, what is -114333 - 2?
-114340
In base 11, what is 348a6 - 1?
348a5
In base 6, what is 5 - 134?
-125
In base 4, what is 20 + 3?
23
In base 8, what is -60 + -5?
-65
In base 7, what is 0 - 2216?
-2216
In base 10, what is 5 + -17?
-12
In base 13, what is -7c - 6?
-85
In base 7, what is 45 - -141?
216
In base 7, what is -11 - -6?
-2
In base 8, what is 1 - -1351?
1352
In base 7, what is 4 - -13420?
13424
In base 7, what is 125054 - 1?
125053
In base 2, what is -1011 + 101000?
11101
In base 6, what is -2 - -1212?
1210
In base 4, what is 11 - 33?
-22
In base 11, what is 75 - 30?
45
In base 5, what is 110 + 211?
321
In base 2, what is 10000100011 - 100?
10000011111
In base 14, what is 3 + 275?
278
In base 15, what is -37 + -1?
-38
In base 7, what is 244 + 0?
244
In base 13, what is 30 - -4?
34
In base 8, what is 54 - 4?
50
In base 8, what is 7 - 164?
-155
In base 8, what is 53 - 61?
-6
In base 4, what is -13 - 12?
-31
In base 2, what is 10110 - -10110101?
11001011
In base 3, what is -100012000 - 0?
-100012000
In base 4, what is -211 - -10?
-201
In base 11, what is 98 + 3?
a0
In base 14, what is 25a - 4?
256
In base 7, what is 111 - 1?
110
In base 5, what is 33 - 10?
23
In base 6, what is 0 + -2245?
-2245
In base 5, what is -42 - -113?
21
In base 7, what is -12 - 6?
-21
In base 16, what is -2 - 9?
-b
In base 2, what is -10110100 - -110?
-10101110
In base 11, what is 76 - 2?
74
In base 6, what is -5 + 114?
105
In base 11, what is 86 - 0?
86
In base 7, what is 23 - 1?
22
In base 14, what is 4 - 15a3?
-159d
In base 9, what is 7287 - -1?
7288
In base 13, what is a1 - -b?
ac
In base 2, what is 11001000 - -101?
11001101
In base 6, what is 211 - 205?
2
In base 15, what is 13 + -1b?
-8
In base 12, what is 4 - 423?
-41b
In base 16, what is 1 + -28?
-27
In base 4, what is -3 + -223?
-232
In base 2, what is -10110 - 0?
-10110
In base 9, what is 66 - -5?
72
In base 7, what is 156 + 3?
162
In base 8, what is 25 - 112?
-65
In base 5, what is -42 - 0?
-42
In base 12, what is 10 + 134?
144
In base 4, what is 320 - -111?
1031
In base 5, what is 2 - -112?
114
In base 8, what is -3146 + 11?
-3135
In base 11, what is -232 + -3?
-235
In base 12, what is 1 + -42?
-41
In base 9, what is 476 - -8?
485
In base 2, what is -100100100 + -1101?
-100110001
In base 9, what is -50 + 2?
-47
In base 9, what is -2 + -10188?
-10201
In base 3, what is 12212201 + -2?
12212122
In base 11, what is -55 - 4?
-59
In base 9, what is -1 - -1014?
1013
In base 14, what is 5 - 103?
-dc
In base 2, what is -111000 + -11100?
-1010100
In base 15, what is -3 + -1a0?
-1a3
In base 9, what is 17 - -11?
28
In base 9, what is 0 + 551?
551
In base 14, what is -86 - 9?
-91
In base 14, what is -9 + 36?
2b
In base 13, what is 4 + 4b0?
4b4
In base 6, what is 10 + 123?
133
In base 15, what is -5 + 11?
b
In base 10, what is -14047 - -2?
-14045
In base 3, what is 1 + -222122?
-222121
In base 16, what is -1854 + 2?
-1852
In base 14, what is 4 + -1b?
-17
In base 2, what is 1000100 - 1?
1000011
In base 6, what is 431 - -3?
434
In base 13, what is -1 - -1c9?
1c8
In base 4, what is 2 + -31?
-23
In base 15, what is 29 - 17?
12
In base 2, what is 10 + 10100010?
10100100
In base 4, what is 231 + -31?
200
In base 8, what is -6 - 166?
-174
In base 8, what is 2164 - 5?
2157
In base 2, what is -100101101 + 100000?
-100001101
In base 7, what is -4 - -135?
131
In base 9, what is 1081 + -23?
1057
In base 3, what is 1100 - 101?
222
In base 10, what is -2 - -1459?
1457
In base 9, what is -874 - 5?
-880
In base 7, what is 36 - 43?
-4
In base 5, what is -4 + -302?
-311
In base 16, what is -5a4 + 5?
-59f
In base 14, what is -cd + 3?
-ca
In base 13, what is 4 + -12a?
-126
In base 5, what is -3 - -32?
24
In base 15, what is -6 - 29?
-30
In base 7, what is 210 + -5?
202
In base 8, what is 31 + -4?
25
In base 7, what is -5 + 2?
-3
In base 6, what is -224 - -4?
-220
In base 13, what is -2 + -10?
-12
In base 2, what is -11110000 - 10110?
-100000110
In base 11, what is 12 + -27?
-15
In base 12, what is -1602 - 3?
-1605
In base 7, what is -12 - -305?
263
In base 6, what is 3 + 10?
13
In base 15, what is 36 + 0?
36
In base 12, what is 56 - 62?
-8
In base 2, what is -11100 - -1100010?
1000110
In base 10, what is -2567 - 3?
-2570
In base 2, what is 11 - 10101111110?
-10101111011
In base 16, what is 3b - da?
-9f
In base 9, what is 18 + -51?
-32
In base 9, what is 74 + 14?
88
In base 5, what is 143 + 1210?
1403
In base 11, what is -291 + -2?
-293
In base 10, what is 1 - 2222?
-2221
In base 7, what is -243 + 16?
-224
In base 15, what is 2 + c36?
c38
In base 10, what is -16 + 21?
5
In base 3, what is -202 + 11112?
10210
In base 3, what is 10102 + 10?
10112
In base 14, what is 235 - -b?
242
In base 8, what is -2155 + -2?
-2157
In base 7, what is 30 + 2?
32
In base 5, what is -12 - 313?
-330
In base 10, what is -637 + -4?
-641
In base 16, what is -2 + 2685?
2683
In base 5, what is -300 - 0?
-300
In base 4, what is -11 + -103?
-120
In base 9, what is -5 - -344?
338
In base 4, what is -12033 - 3?
-12102
In base 9, what is 1 - 643?
-642
In base 10, what is -14 + 9?
-5
In base 2, what is 10011 + -11110101?
-11100010
In base 6, what is 11132 + -1?
11131
In base 14, what is 13 - 208?
-1d5
In base 12, what is -1742 + -5?
-1747
In base 14, what is -6 - 133?
-139
In base 5, what is 13 + -320?
-302
In base 10, what is 1 + 90?
91
In base 7, what is -12405 + -4?
-12412
In base 13, what is 4 + -4?
0
In base 14, what is 1 - 76?
-75
In base 9, what is -4 + -125?
-130
In base 13, what is -19 - 2b?
-47
In base 9, what is 623 + -1?
622
In base 16, what is 6 - 8a3?
-89d
In base 13, what is 3 + -100?
-ca
In base 13, what is -84a - 0?
-84a
In base 3, what is 1010022 + 21?
1010120
In base 8, what is 342 - -16?
360
In base 15, what is -5 + 5e0?
5da
In base 10, what is -4 + 580?
576
In base 4, what is -111120 + 10?
-111110
In base 7, what is -33 + -4?
-40
In base 7, what is 1 - -405?
406
In base 6, what is 0 - -11441?
11441
In base 5, what is 124 + 24?
203
In base 9, what is 206 + -2?
204
In base 11, what is 49 + -28?
21
In base 6, what is 11140 + -3?
11133
In base 3, what is -2 + 101121?
101112
In base 15, what is -970 - 5?
-975
In base 4, what is -1202 - 112?
-1320
In base 10, what is 3 - 160?
-157
In base 4, what is 31 - -200?
231
In base 9, what is -44 + -4?
-48
In base 11, what is -83 - -16?
-68
In base 5, what is -11030 + -4?
-11034
In base 6, what is 0 + -101344?
-101344
In base 4, what is -1 - 31101?
-31102
In base 4, what is 1102 - 120?
322
In base 2, what is -1 - -110011?
110010
In base 15, what is -5 + -3d?
-43
In base 16, what is -2 + -25?
-27
In base 5, what is 1 - 2303?
-2302
In base 10, what is 4 - 27?
-23
In base 10, what is -19 - 5?
-24
In base 4, what is 1311 - 11?
1300
In base 12, what is 1 - 5?
-4
In base 2, what is 11 + 11101011101?
11101100000
In base 13, what is -6 - -191?
188
In base 9, what is -4 + -317?
-322
In base 3, what is -12 + -122?
-211
In base 14, what is -8c91 - -5?
-8c8a
In base 8, what is -2 - -30?
26
In base 5, what is 4 - -31003?
31012
In base 12, what is 65 + -11?
54
In base 9, what is 1 - -123?
124
In base 8, what is 0 + -3?
-3
In base 11, what is -2116 - 0?
-2116
In base 3, what is 21201 - 12?
21112
In base 10, what is -7 + 21?
14
In base 15, what is 0 + -114?
-114
In base 7, what is -4 - -6142?
6135
In base 15, what is -8 - 10?
-18
In base 6, what is -300 - -12?
-244
In base 8, what is -2521 - -2?
-2517
In base 12, what is -15 - -3?
-12
In base 16, what is f - 7?
8
In base 11, what is 118 - -2?
11a
In base 11, what is -4 - 140?
-144
In base 2, what is -111000010000 - 101?
-111000010101
In base 3, what is 10 - -101?
111
In base 12, what is 3 - -140?
143
In